 composite?
True
Let t be 0 - -746*(4 + -3). Suppose 113 - t = -n. Suppose -9*w + 6*w + n = 0. Is w prime?
True
Suppose -4*s = 0, -d + 6 = -0*s + 3*s. Suppose -10 = 5*l, -2*j + d*j - 20720 = -4*l. Is j a composite number?
True
Let u = -480 + 483. Suppose -2*z + 16538 = -3*x, -5818 - 18979 = -u*z + 2*x. Is z a prime number?
True
Suppose 5671 = 28*q + 743. Let j = 43 + q. Is j prime?
False
Suppose -56*y = -343144 - 996768. Is y a prime number?
False
Suppose -13*j + 14945 = -76393. Let w = j - -773. Is w a composite number?
True
Suppose 3*i - j - 10387 = 0, 3*j - 10 = 5. Let q = i + 801. Is q a composite number?
True
Let a = 41 + -33. Let j be ((-1)/2)/((-2)/a). Suppose 3*l = 4*v + 3781, 0 = j*l - 5*v - 3278 + 762. Is l a prime number?
False
Suppose 18*i + 315477 = 20*i + y, -2*y - 157736 = -i. Suppose 14*b - 170100 = i. Is b a prime number?
True
Let j(x) = -x + 126. Let d be j(22). Is (-98202)/d*(-4)/3 composite?
False
Let l(o) = -55916*o + 417. Is l(-7) composite?
True
Let n(s) = 11*s**2 + 404*s - 17. Is n(-50) prime?
True
Let f(y) be the third derivative of -5*y**4/6 + 7*y**3 - y**2 + 8. Is f(-19) a prime number?
False
Let l = 68810 - 39009. Is l prime?
False
Let g be ((-87)/(-6))/((-9)/(-54)). Is (-1)/((-8536)/(-25626) + (-29)/g) prime?
True
Suppose -156*r = -146*r - 375652 - 704178. Is r prime?
False
Let w(b) = -3*b - 12. Let l be w(-9). Let q be (-3)/(-12) - (-18)/24. Is (l - -498) + (q - 3) a prime number?
False
Is ((-6)/21 + (-684309)/14)*-2 a composite number?
True
Let q(n) = -n**2 + 4*n + 3. Let i be q(5). Suppose 26*a - 14*a - 25416 = 0. Is -3 + a/(1 - i) a composite number?
True
Suppose -197256 - 41496 = -96*x. Is x prime?
False
Let x be (-4 - 13/(-5)) + 6/(-10). Let j(y) = 2*y**2 + 3*y. Let v be j(x). Suppose 12162 = -3*k + 6*k - 3*n, -4*k = v*n - 16222. Is k composite?
True
Let j = 17 + 1. Let z = -17 + j. Is (-8)/2 + z - -252 composite?
True
Let l = -2172479 - -4429510. Is l a prime number?
False
Suppose -6*f - 20 = -f. Let q be (-7356)/(-3)*f/4*1. Let c = -1301 - q. Is c a composite number?
False
Let f = -60 - -62. Suppose f*q + 5*a = 4*q - 10497, -3*q + a + 15778 = 0. Is q prime?
True
Suppose 8*h - 12*h - o + 81151 = 0, 3*h - 2*o - 60855 = 0. Is h a composite number?
False
Is (1231164/(-24))/(36/(-24)) a composite number?
True
Let l(r) = r**2 - r - 2. Let k be l(-3). Let j(h) be the second derivative of h**5/20 + h**4/2 - 5*h**3/3 + 43*h**2/2 - 1064*h. Is j(k) composite?
False
Let m be 4329 - (6 + (-4 - 3)). Let g be -1 - (-3)/(3/7). Suppose g*h - m = h + 3*i, -5 = -i. Is h a composite number?
True
Let i(y) = -y**3 - 6*y**2 + 4*y - 15. Let u be i(-7). Suppose -3*h = -u, 0*r + 2*r - 3*h + 8078 = 0. Let z = 6921 + r. Is z a composite number?
True
Let x = 47449 - 26660. Is x composite?
False
Let d(k) = k - 2. Let c(o) = -12271*o + 171. Let p(s) = c(s) + 3*d(s). Is p(-3) a prime number?
False
Let v be (2 + -5)/((-3)/(-878)). Let a be ((-207)/(-12))/((-33)/(-3740)). Let s = a - v. Is s a composite number?
False
Suppose 8423775 = -31*s + 256*s. Is s a prime number?
False
Let v(m) = -318*m - 145. Let q be ((-7)/(-6 + -15))/(6/(-486)). Is v(q) a composite number?
True
Let o(g) = 19287*g - 58. Is o(7) composite?
False
Let p = -168724 + 432923. Is p composite?
True
Suppose 0 = -13*n + 203 + 291. Let o be -4 + (-51)/(-12) - n/(-8). Is 314/6*(o - 2) prime?
True
Suppose 9*k + 6162 - 537720 - 196515 = 0. Is k composite?
False
Let j(k) = 4*k**2 - 74*k - 20. Let r be j(18). Suppose 325 = -4*g - 159. Let l = r - g. Is l a prime number?
False
Let m = 140698 + 109449. Is m composite?
False
Suppose 360*x - 4 = 359*x. Suppose 112685 = -x*t + 35*t. Is t prime?
False
Let s(g) = -40*g**2 + 4*g + 16. Let f be s(5). Let n = -177 - f. Is n composite?
False
Suppose -4*s = -5*v - 14001, 1906 = -4*s - 3*v + 15899. Is s a composite number?
False
Suppose 4*g - 5*g = 0. Suppose 3*f - 3*o = 15, -121*f + 118*f - 3*o + 3 = 0. Suppose 4*p + 4*d = 14028, g = -3*p + f*d - 5*d + 10525. Is p prime?
True
Suppose -5*m + 33120 = 189*c - 191*c, 2*c = -m + 6636. Is m prime?
False
Suppose -14*o = 31*o - 1395. Suppose -o*d = -165604 - 153417. Is d composite?
True
Suppose t + 2*u = u - 7, u = 3*t + 1. Let b be 8456/12*1/t*15. Let z = 464 - b. Is z a composite number?
False
Let k(q) = 962*q**2 + 267*q - 4639. Is k(17) a prime number?
False
Let d be ((-58810)/30)/((-1)/3)*1. Let f = d + -2244. Is f prime?
True
Let b = 142 - 113. Suppose b - 21 = 2*f. Is ((-4)/6)/(f/(-2118)) a composite number?
False
Let s(p) = 7427*p**2 + 28*p - 26. Is s(-3) a composite number?
False
Let j = 158 - 158. Suppose 9*g + 4*q - 214 = 7*g, 3*g + 3*q - 315 = j. Is g a prime number?
True
Let u(w) = 4*w + w + 15 + 12 + 13*w**2. Suppose 646*a = 648*a - 3*p - 31, a = -2*p + 5. Is u(a) composite?
True
Let t = 129 + -89. Suppose 3*c = -7*c + t. Suppose 2*q = -c*b + 286 + 380, 4*q + 660 = 4*b. Is b composite?
True
Suppose 4*l = -16, -4*q + 11870 = -4*l - 9082. Suppose 0 = i - a - 1304, 22*a - 17*a = -4*i + q. Is i a prime number?
False
Suppose 0 = 3*j + 4*d - 143 - 85, -5*j = d - 363. Suppose 60*v - j*v + 36132 = 0. Is v prime?
True
Let t(a) = -90*a + 19. Let g = -66 + 73. Let d be t(g). Let w = d - -1026. Is w prime?
False
Let b(p) = 21*p + 49. Let k be b(11). Suppose k + 414 = 2*y. Is y composite?
False
Suppose -6*o = -32*o - 78. Is (354 + (-3)/o)/1 composite?
True
Let a be 4 + (-14)/3 - 15754/(-6). Let u = a - 1538. Is u a prime number?
True
Is (220/308)/((-6)/(-108913))*6 a composite number?
True
Suppose -7*a = -13*a + 6. Suppose 47 = -2*f + a. Let l = 112 + f. Is l prime?
True
Let y be ((-4)/9*-3)/((-8)/24). Let z be ((-28)/y + -7)*(1 - 0). Suppose 15*t + 3*t - 16182 = z. Is t a composite number?
True
Suppose -4*p - 2*h + 14 = 0, 13*h - 15*h = -4*p + 26. Suppose -15 = -p*x, -5*j - 4*x = 8736 - 31413. Is j a prime number?
False
Let c = 334355 - 215568. Is c a composite number?
False
Let d = -26 + 28. Suppose d*s = r - 1 - 9, 22 = r - 5*s. Suppose -5*g + 815 = 5*a, -g + 7*a + 151 = r*a. Is g composite?
True
Suppose -1923 = -i - z + 1775, -2*i + 3*z = -7391. Is i prime?
True
Suppose -33*t + 26*t + 875694 = -752387. Is t a prime number?
False
Suppose -14*w + 13*w - 8 = 0. Is (-2019)/6*(-10 - w) a prime number?
True
Is 8/(-10) + (398217/30)/(41/82) composite?
True
Suppose 2*i = -0*i - 68. Let z = -80 - i. Let n = z - -493. Is n composite?
True
Suppose -31*p + 13570 = -45051. Let z = p - 368. Is z prime?
True
Let u(o) = 4014*o**2 - 28*o + 30. Let p be u(1). Let c = 3 - 5. Is c/(-6) + p/3 prime?
False
Let h = 27262 + -12924. Suppose 5*f + h + 6635 = 2*b, 25 = 5*f. Is b composite?
False
Is (209653 - -6)/((-29)/(-29)) a prime number?
True
Suppose 1331116 = -101*a + 103*a. Is a prime?
False
Suppose -241628 + 394286 = 20*u - 415082. Is u prime?
True
Let n = -201 - -207. Is (6 - (n - -4197))/(-3) a composite number?
False
Suppose 0 = -68*s + 65*s - 414. Let n = 5333 - s. Is n a prime number?
True
Suppose -3*q - 20 + 8 = 0. Let c be 1 - 12/8 - 30158/q. Suppose -3122 = 7*t - c. Is t a composite number?
False
Let q(h) = 295*h**2 + 68*h - 186. Is q(-25) a composite number?
False
Suppose 35 = 3*i - 5*d, -16*d = 4*i - 15*d - 16. Suppose i*y + 6*r = 5*r + 3590, 699 = y + 4*r. Is y composite?
False
Suppose -21 = 5*k - 11. Let f be (5 - -29) + (3 - (2 + k)). Let u = 25 + f. Is u a composite number?
True
Suppose -4*k + 20 = -y, 20 = -14*k + 16*k - 3*y. Suppose k*p - 99803 = -3*o, -7*p = 4*o - 3*p - 133068. Is o a composite number?
True
Suppose 0 = q - 3*x - 3 - 7, 2*q - 47 = -3*x. Suppose -2*p = -3*b + q, -2*b = -2*p - p - 6. Suppose b*t + 934 = 11*t. Is t a composite number?
False
Let f(j) = -20089*j - 212. Is f(-73) composite?
True
Suppose 7*b - 281 - 104 = 0. Suppose b*v - 56*v = -3523. Is v a prime number?
False
Let h(l) = -115*l + 13. Let d = 12 - 10. Let n = -10 + d. Is h(n) prime?
False
Let i = 49540 + 138567. Is i composite?
False
Let y = 416427 + -277514. Is y a prime number?
False
Suppose 2*l + 44*c - 1248438 = 40*c, 2*c = -2*l + 1248448. Is l composite?
False
Let o be -596*((-356)/16)/1. Let l = o + -4760. Is l a composite number?
False
Let j = 116 + -113. Let q(z) = 1606*z - 109. Is q(j) a composite number?
True
Suppose -18*x + 4*x + 48202 = 0. Is x a composite number?
True
Let b = 466791 - 208028. Is b composi